t are the prime factors of o?
3, 5
Suppose 402 = 76*x - 78*x. Let c = 352 + x. List the prime factors of c.
151
Suppose -2*w + h - 42 = 4*h, 4*w = 4*h - 104. List the prime factors of w/9*(-18)/4.
2, 3
Let l = -45 - -50. Suppose -l*z + 166 = -39. What are the prime factors of z?
41
Let g be (-34)/(-8) - (1 - 14/8). Suppose -g*i = -i - 548. What are the prime factors of i?
137
Let a be (-90)/(-15) + (-3)/1. Suppose a*h = 9*h - 1002. What are the prime factors of h?
167
What are the prime factors of 6/4*60 - -7?
97
Let w(s) = -5*s + 67. What are the prime factors of w(9)?
2, 11
Suppose -2*b + 0*b = -42. Let s = b + -11. What are the prime factors of s - (16/(-4))/4?
11
Let m = -626 - -923. What are the prime factors of m?
3, 11
Let r = 42 + -39. Suppose 5*o - r*o - 2*f - 162 = 0, 4*o = 3*f + 326. List the prime factors of o.
83
Let a = 41 - 68. Let i = -131 + 188. Let h = i + a. What are the prime factors of h?
2, 3, 5
Suppose -2*d - 3 - 123 = -4*z, 2*z - 2*d - 64 = 0. Let j = 43 - z. What are the prime factors of j?
2, 3
Suppose -22 = -3*n - 5*w, -2*n - 3*w - 7 = -23. List the prime factors of 254/n + (-9)/63.
2, 3
Suppose 10*r + r - 33 = 0. Suppose 5*q + o = 742, r*o - 135 = -3*q + 303. What are the prime factors of q?
149
Let s(p) = 7*p - 64. Let z be s(10). What are the prime factors of 7075/65 + z - 2/(-13)?
5, 23
Let f = -18 + 33. Let c = f + -23. Let t(k) = -k + 17. What are the prime factors of t(c)?
5
Suppose -m + 175 = 2*c, -5*m + 4*c + 295 + 510 = 0. Suppose -2*b = -d + 64, d + 2*d + 3*b = m. List the prime factors of d.
2, 29
Let f(b) = b**3 + 9*b**2 + 8*b + 4. Let d be f(-6). Suppose -n + d = -0*n. List the prime factors of n.
2
Suppose 16 = -4*b, b - 26 = -2*q + 3*b. Let w = 65 - q. What are the prime factors of w?
2, 7
Let m = 8 - 8. Suppose -4*q + 35 + 85 = m. What are the prime factors of q?
2, 3, 5
Let g(r) = -106*r - 223. What are the prime factors of g(-12)?
1049
Suppose 987 = 4*l + 147. Suppose 5*d = 5, 3 = -g - 5*d + 4. List the prime factors of g/8 + l/4.
2, 13
Let g(o) = 1 + 3*o + 5*o - 7*o. Let b be g(3). Suppose 4*i + 0*i - 6 = t, 4*i = b*t. List the prime factors of i.
2
Suppose 5*h - 10926 = 7139. What are the prime factors of h?
3613
Let k(y) = y**3 + 11*y**2 - 7*y - 27. Let z be k(-8). What are the prime factors of -2 + z + 4 + 0?
223
Let c(k) = -k - 1. Let s(q) = -4 - 6 - 3*q - 28*q + 1. Let z(y) = -4*c(y) + s(y). List the prime factors of z(-2).
7
Let o be 1010/(-4)*20/(-25). Suppose 7*h = 10*h - 18. Suppose h*z + o = 496. List the prime factors of z.
7
Let x(p) = -p**2 + 13*p + 9. Let a be x(4). Suppose 0 = f - a - 20. List the prime factors of f.
5, 13
Let c be (-39)/(-15) - 3/5. Let r(h) be the second derivative of h**5/5 - h**4/6 + h**3/6 - h**2/2 + h. List the prime factors of r(c).
5
Suppose -2*f = -7*f + 60. Suppose 3 + f = -s. List the prime factors of (54/s)/((-1)/5).
2, 3
Suppose -4*k - 3*s = -196 - 145, 234 = 3*k - 5*s. Suppose -4*p + p - 369 = -5*b, -b - 4*p = -k. List the prime factors of b.
3, 5
Suppose -w + 133 = -5*x, 26*x = 4*w + 21*x - 532. What are the prime factors of w?
7, 19
Let a be (1 - 8/4)*-20. Suppose a*i - 22*i + 80 = 0. What are the prime factors of i?
2, 5
Let l be ((-180)/(-2) + 1)/(-1). Let z be l/(-2) - (-4)/(-8). Suppose 0 = -2*t + t + z. What are the prime factors of t?
3, 5
Let r be 3/(-27)*3 + (-37)/(-3). What are the prime factors of 59 - (-4 + 44/r)*9?
2, 31
Let f(n) = n**3 - n**2 + 2*n - 3. Let j be f(2). Suppose 2*k + 346 = 3*u + k, j*k = u - 120. Suppose -5*c + u + 70 = 0. What are the prime factors of c?
37
Suppose -6*i = -8*i + 436. What are the prime factors of (i/6 + 1)*30/5?
2, 7
Let d(g) = g**3 + 10*g**2 - 8*g - 12. Let z be d(-8). Suppose 3*f + z = 8*f. Suppose -r - f = -3*r + 4*p, 3*p - 43 = -r. What are the prime factors of r?
2, 7
List the prime factors of 1208/10*165/66.
2, 151
Suppose 3*d - 20 = -4*k, d - 9 - 6 = -3*k. Suppose -k*q + 9*q = 80. List the prime factors of q.
2, 5
Let t = 939 - 660. List the prime factors of t.
3, 31
Suppose -4*x = 203 + 29. Let s = 60 + x. What are the prime factors of s?
2
What are the prime factors of 2498/10 + 0 + (-7)/(-35)?
2, 5
Suppose -2440 = -340*g + 335*g. What are the prime factors of g?
2, 61
Let c(o) = -10*o - 14. Let k be c(8). List the prime factors of k/(-6) - 20/30.
3, 5
Let l = -35 + 240. List the prime factors of l.
5, 41
Suppose 5*x - 2*p = 3455, 5*p - 1038 - 2417 = -5*x. List the prime factors of x.
691
Let y(p) = -60*p - 24. What are the prime factors of y(-8)?
2, 3, 19
Let v(g) = -g**2 + 20*g + 30. Let j be v(22). What are the prime factors of (j - -80)*((-3)/2)/(-3)?
3, 11
List the prime factors of (-44)/12 + 3 + 28923/9.
3, 7, 17
Let a be (4/(-3) + 3)/(1/21). Suppose a = 5*h - 110. List the prime factors of h.
29
Let d(s) = s**2 - 9*s + 8. Let u be d(8). Suppose 3*r = 3*n - 0*n - 3, -5*r + 4*n = u. Suppose -i = -r*i + 222. What are the prime factors of i?
2, 37
List the prime factors of (-3 + 1)/((-5264)/(-2636) - 2).
659
Let h be 2*-1 + 20/(-5). Let o(j) = 5*j + 34. List the prime factors of o(h).
2
Let v(b) = 2*b**2 - 8*b + 3. Let o be v(4). Suppose o*x + 2*c = 5*x - 258, -2*c + 397 = 3*x. List the prime factors of x.
131
Let m be 18/(-24)*(-6)/9*8. Suppose 472 = m*a + 5*c - 10*c, 0 = -4*a - 3*c + 440. List the prime factors of a.
113
Let p = 2404 + -1175. List the prime factors of p.
1229
Suppose 15*z = 1117 + 563. List the prime factors of z.
2, 7
Suppose -4*r = 3*x - 121 - 172, 0 = 4*r - 3*x - 323. List the prime factors of 2/(-1 - r/(-75)).
3, 5
Suppose 4*g - 4*h - 56 = 168, 2*g = 4*h + 122. Suppose 0 = o - g - 6. What are the prime factors of o?
3, 19
Suppose 0 = x + 6*o - 3*o - 244, -o - 2 = 0. What are the prime factors of x?
2, 5
Let z = 14 - 5. Let o(w) = 5*w - 4. List the prime factors of o(z).
41
Suppose 37*t = 48*t - 17666. What are the prime factors of t?
2, 11, 73
Let f(b) = -601*b + 122. What are the prime factors of f(-4)?
2, 3, 421
Let x = 5375 + -3163. What are the prime factors of x?
2, 7, 79
Let m = -44 + 42. Let g(l) be the third derivative of -l**6/120 + l**4/12 + l**3/6 - 2*l**2. List the prime factors of g(m).
5
List the prime factors of 13/(-1) + (-13 - -3605).
3, 1193
Suppose 55*k = -18806 + 104771. What are the prime factors of k?
3, 521
Let g(z) = -z**3 + 11*z**2 + 8*z - 16. List the prime factors of g(10).
2, 41
Suppose -25 = -5*p + 5*a, -10 = -2*p - p + 2*a. Suppose -f + 5*m + 41 = 0, p*f - 5*m = -5*f + 305. What are the prime factors of f?
2, 3, 11
Let s = 3334 + -156. What are the prime factors of s?
2, 7, 227
Let m = 2014 + -446. What are the prime factors of m?
2, 7
Let z = 14 + -4. Let d be z/(-4) + (-5)/(-10). What are the prime factors of 30*(d/(-4) + 1)?
3, 5
Let m = 107 + -105. Suppose -5*x - 3*k + 872 = 0, 0*k = -m*x + 4*k + 354. What are the prime factors of x?
5, 7
Suppose -340 = -3*p - 2*o, -5*p - o + 566 = 3*o. Let i = 67 + p. List the prime factors of i.
181
Suppose -2*y = 5*h + 89, 5*y + 64 = 4*y + 4*h. Let q = 94 + y. List the prime factors of q.
2, 3, 7
List the prime factors of 2660/(5 - 1) - -7.
2, 3, 7
Let i = 116 - -12. Suppose 5*k = -5, -6*k + 2*k = -2*o + i. List the prime factors of o.
2, 31
Suppose 13 - 5 = 4*o. Suppose 2*t + 796 = -4*x + 5*t, -4*x - o*t - 796 = 0. List the prime factors of 1/(-6) + x/(-6).
3, 11
Let v = 11 - 7. Suppose 4*d = -v*u - 284, -4*d - 80 = -0*u + u. What are the prime factors of u/(-16) + (-2)/8?
2
Let x(g) = 31*g**2 + 17*g - 71. List the prime factors of x(4).
17, 29
Let a = 4 - -6. Let x(k) = -k**2 + 9*k + 6. Let p be x(a). Let u(y) = -9*y - 7. List the prime factors of u(p).
29
Let s = 305 + -433. Let v = s - -176. List the prime factors of v.
2, 3
Suppose -27 = 3*t - 12*t. What are the prime factors of (1 - 2)/(t/(-342))?
2, 3, 19
Let u be (-6)/(-9)*(60*46)/4. Suppose -3*m = t - 238, 4*t - 2*t - 2*m = u. What are the prime factors of t?
2, 29
Let n = 9 + -19. Let o be (-1144)/(-40) + (-6)/10. Let m = n + o. List the prime factors of m.
2, 3
Let f be 42/(-63) + 314/3. Suppose 0 = -q + 2*q - f. What are the prime factors of q?
2, 13
Let r(w) = w**3 + 6*w**2 + 4*w + 3. Let i be r(-2). Let y = 16 - i. What are the prime factors of y?
5
Suppose 0 = 50*v - 31949 - 5601. List the prime factors of v.
751
Suppose 4*c = 1774